
Convert 1333136 (base 10) to base 12.
5435a8
1e040 (base 15) to base 6
2033223
Convert -11211021 (base 3) to base 6.
-24141
-13232111 (base 5) to base 10
-133406
-1010011010011111 (base 2) to base 4
-22122133
-29215 (base 11) to base 15
-c47e
What is 0 (base 16) in base 2?
0
Convert -14597 (base 14) to base 7.
-300150
What is 13203220 (base 4) in base 3?
1120110101
27a450 (base 13) to base 5
221341344
What is -4413112 (base 5) in base 14?
-1d9cc
What is -533 (base 7) in base 6?
-1125
Convert -8348c4 (base 13) to base 5.
-1241110302
Convert 331c29 (base 13) to base 5.
302010242
7cc637 (base 13) to base 7
34144403
-1122012012212 (base 3) to base 6
-30351035
What is -36aa31 (base 12) in base 11?
-558470
What is -110111011101101101111 (base 2) in base 15?
-25d78a
2021021200101 (base 3) to base 15
18c627
What is -11000000111101101011 (base 2) in base 16?
-c0f6b
What is -457757 (base 9) in base 7?
-2222641
What is 770175 (base 11) in base 13?
340b50
aae3a (base 16) to base 10
699962
Convert 2221102012200 (base 3) to base 16.
17d9f9
What is 1c515 (base 14) in base 4?
101222113
Convert -1401151 (base 8) to base 9.
-660212
-2072540 (base 10) to base 13
-577472
-11842 (base 13) to base 10
-32164
What is 1342144 (base 6) in base 5?
4410124
What is 2141021 (base 5) in base 4?
21002103
What is 112c9 (base 16) in base 6?
1301401
-1370ab (base 13) to base 5
-110104441
Convert -215e2a (base 15) to base 4.
-12010003000
Convert 22066614 (base 7) to base 8.
7175221
What is -3ab719 (base 12) in base 10?
-973893
What is 1202001230 (base 4) in base 13?
1109ab
What is -9285 (base 15) in base 6?
-355142
-1c2b3 (base 15) to base 10
-91743
Convert -12251a (base 15) to base 8.
-3240255
-10617 (base 13) to base 9
-44533
What is 110322122 (base 5) in base 11?
2a8417
Convert 5487 (base 11) to base 7.
30043
What is 11010101111000010101001 (base 2) in base 3?
111012001202022
-196e8 (base 16) to base 7
-612461
Convert 334643 (base 7) to base 2.
1110011110111001
Convert -20112120221 (base 3) to base 11.
-887a1
1354135 (base 7) to base 10
181522
1000010100110010001001 (base 2) to base 9
4085466
What is 22183 (base 12) in base 6?
545043
Convert -29 (base 15) to base 2.
-100111
22b803 (base 12) to base 8
2104303
What is 32311330023 (base 4) in base 7?
45033615
What is -1e0ae (base 16) in base 3?
-20020210120
What is -21102212221 (base 3) in base 12?
-708ba
What is 11000122102 (base 3) in base 11?
54562
Convert -236276 (base 9) to base 15.
-2c2c6
Convert -11010111010000110011001 (base 2) to base 15.
-944ed1
Convert 1879362 (base 11) to base 9.
5868078
Convert 5251141 (base 7) to base 3.
1012020002001
What is 23112210121 (base 4) in base 12?
bb62a1
What is 2266d (base 14) in base 5?
10133333
What is 9fa54 (base 16) in base 12?
276504
-20000100010 (base 3) to base 6
-2311520
Convert -1104270 (base 11) to base 16.
-1d934f
2b87b5a (base 12) to base 2
100001111010000110110110
Convert -11110010110011111110 (base 2) to base 9.
-1775244
What is -1086830 (base 13) in base 6?
-300355342
15546235 (base 7) to base 6
52151401
Convert -118873 (base 12) to base 11.
-184936
Convert -42140240 (base 5) to base 13.
-c3095
Convert 456ea (base 15) to base 12.
a7a41
932864 (base 11) to base 4
11231133322
What is -25560315 (base 8) in base 2?
-10101101110000011001101
What is -2343560 (base 10) in base 2?
-1000111100001010001000
Convert 254b48 (base 16) to base 3.
11121011200101
Convert 92834 (base 10) to base 6.
1553442
-10011212121 (base 3) to base 7
-350341
What is 909aa (base 14) in base 7?
2645403
-61654415 (base 7) to base 5
-2311021314
What is -408612 (base 13) in base 3?
-2211101210110
What is aa7a4 (base 13) in base 3?
120200201122
Convert -11220111020 (base 3) to base 6.
-2023053
-21201221121221 (base 3) to base 16
-3ec16a
Convert c8c5cc (base 16) to base 12.
44a65a4
What is -28506a (base 11) in base 15?
-8c20b
What is 13973d (base 15) in base 5?
220141013
Convert -2332223 (base 7) to base 6.
-10143455
What is -100214 (base 11) in base 2?
-100111011000011100
Convert 111111010011011100111 (base 2) to base 11.
1197537
Convert -5a6363 (base 12) to base 16.
-16507b
2334134123 (base 5) to base 10
5380538
-21212100210 (base 3) to base 10
-154812
What is -53236563 (base 8) in base 12?
-3976357
Convert 44102b (base 13) to base 5.
402223100
What is 14424144 (base 5) in base 13?
55693
Convert 14131234 (base 5) to base 16.
2399b
Convert 24148c (base 16) to base 11.
1375587
Convert -4b390 (base 16) to base 9.
-518576
-dfe8 (base 16) to base 9
-86558
-bc0905 (base 13) to base 14
-833c41
What is 20204104 (base 5) in base 8?
476325
-215a935 (base 11) to base 13
-a29ba1
What is d9017 (base 16) in base 8?
3310027
5eb51 (base 15) to base 16
49f4e
-3bc941 (base 14) to base 10
-2070797
Convert 3125254 (base 9) to base 16.
197cce
-1404425 (base 8) to base 12
-170a99
What is -bbb0 (base 14) in base 8?
-77356
What is -22957 (base 16) in base 5?
-14013110
2969324 (base 10) to base 2
1011010100111011101100
438f17 (base 16) to base 8
20707427
What is 104b97 (base 14) in base 9?
1028851
Convert 398b2 (base 14) to base 13.
4c637
Convert b8986a (base 13) to base 3.
22011012000201
Convert 36421404 (base 7) to base 13.
899b56
What is 3b47 (base 12) in base 5?
204243
Convert -110611 (base 7) to base 10.
-19510
192530 (base 16) to base 11
a2611a
Convert 2a90b5 (base 12) to base 14.
14a917
Convert -15244503 (base 6) to base 13.
-15968a
Convert 302101330 (base 4) to base 6.
4225244
132596 (base 14) to base 9
1214808
467a2a (base 12) to base 2
100010100101100000010
10111010001111 (base 2) to base 12
6a93
What is -3358 (base 9) in base 6?
-15255
What is -117481 (base 10) in base 8?
-345351
-b27c (base 16) to base 2
-1011001001111100
Convert -451142 (base 9) to base 11.
-174818
What is 2010022112 (base 3) in base 14?
11327
Convert 18492260 (base 10) to base 5.
14213223020
What is -14a4a4b (base 12) in base 11?
-2407370
-1325860 (base 11) to base 9
-4272536
What is 100210202333 (base 4) in base 6?
233035035
-50566315 (base 7) to base 3
-21221022112001
-c3ed (base 16) to base 3
-2112210200
Convert 68871b (base 15) to base 9.
10344708
What is 157200 (base 10) in base 7?
1223211
30101232 (base 4) to base 16
c46e
Convert 62028 (base 14) to base 15.
49dea
-1765464 (base 10) to base 12
-711820
-61784 (base 13) to base 15
-36c1e
What is 141711 (base 10) in base 3?
21012101120
-155302 (base 6) to base 4
-3301112
Convert -3b7733 (base 12) to base 15.
-1479e0
Convert -13242515 (base 7) to base 13.
-3397a3
Convert -1465449 (base 10) to base 7.
-15312306
Convert -185366 (base 9) to base 4.
-130030131
Convert 22b775 (base 16) to base 5.
1040301224
What is -22152 (base 16) in base 9?
-232443
What is 15415002 (base 6) in base 7?
4434605
-24052 (base 14) to base 6
-1514504
What is 310a09 (base 14) in base 10?
1653857
bc19cc (base 15) to base 7
136132401
300131231 (base 4) to base 6
4131005
1021111110 (base 3) to base 13
b5a7
What is 12310132 (base 5) in base 6?
2320505
4149d1 (base 16) to base 9
8041282
a9886 (base 13) to base 8
1127235
What is -3242000100 (base 5) in base 16?
-6a92d0
Convert 1705150 (base 12) to base 7.
55155324
What is -4cd34 (base 14) in base 7?
-1415364
223203131320 (base 4) to base 13
2499ac6
-19c34 (base 15) to base 11
-57a16
What is -114333423 (base 5) in base 2?
-10000100100100001100
456545 (base 10) to base 3
212012021002
What is 343424 (base 6) in base 15?
8a4a
-813c3 (base 14) to base 12
-12ba67
10575056 (base 8) to base 13
623496
What is 570175 (base 10) in base 6?
20115411
What is -577b0 (base 16) in base 8?
-1273660
Convert 1188680 (base 11) to base 5.
1011424302
What is 21031121 (base 5) in base 6?
3421051
Convert 20068a8 (base 12) to base 6.
332125532
-2a0a58 (base 12) to base 7
-6001601
Convert -1212111201002 (base 3) to base 12.
-3bb392
What is 28979 (base 12) in base 13?
1ca55
10f2de (base 16) to base 15
16e1a0
Convert -14532453 (base 6) to base 9.
-856446
Convert -2131a0 (base 14) to base 2.
-100010010000101001000
What is bf66c (base 16) in base 14?
1659c8
Convert -1010041120 (base 5) to base 16.
-1f08f6
Convert 1200022002022 (base 3) to base 10.
891629
49688 (base 15) to base 16
39371
705573 (base 14) to base 12
1323301
Convert 3004141 (base 7) to base 16.
5685d
-61c03 (base 16) to base 5
-100303022
What 